d(l) = l**3 - 2*l**2 - 5*l + 4. Let s be 1/(-2) - (-6)/4. Let t be ((-7)/(21/(-12)))/s. What is the remainder when 45 is divided by d(t)?
13
Suppose 50*z - 7327 = -2227. Calculate the remainder when z is divided by 2.
0
Let h = 39 - 0. Suppose 6*k - 63 - h = 0. Let x = -4 + k. What is the remainder when 37 is divided by x?
11
Let y(u) = 22*u**2 + 6*u + 60. Calculate the remainder when y(-6) is divided by 19.
18
Suppose 2*o - 32 = 5*h + 1, -3*o + 62 = 5*h. Let f(x) = -x**2 + 13*x + 9. What is the remainder when f(4) is divided by o?
7
Let d(m) = m**2 - 16*m - 129. What is the remainder when 38 is divided by d(22)?
2
Suppose -4*m + 138 = -m. Calculate the remainder when ((-5)/(100/15))/((-2)/240) is divided by m.
44
Let y = 17 - 5. Suppose 4*h + 2*i = 140, 3*i + 10 - 22 = 0. Calculate the remainder when h is divided by y.
9
Suppose o - 32 = 38. Suppose 0*r - 4*r = -4*y, 2*y + 12 = 5*r. Suppose -m - m = -r*l - 28, 16 = m - 4*l. What is the remainder when o is divided by m?
10
Let c(p) = -p**3 - 5*p**2 - p - 4. Suppose 2*m + 2 = d + 5, 3*d + 10 = 5*m. What is the remainder when 1 is divided by c(d)?
0
Let y(g) = 53*g**2 - 33*g - 1. Calculate the remainder when 93 is divided by y(1).
17
Suppose -2*i - 2*p = -58, 4*i + 4*p - 121 = -p. What is the remainder when 406 is divided by i?
22
Suppose 7*w + 15*w - 5500 = 0. Calculate the remainder when w is divided by 32.
26
Let q be 1*24 - (-5 - -9). Let s(w) = 1 + 36*w**3 - 14*w**2 - 17*w**3 - q*w**3 - 4*w. What is the remainder when s(-14) is divided by 29?
28
Let u(d) be the third derivative of -d**6/120 + d**5/30 + d**4/12 + 2*d**3/3 - d**2. What is the remainder when u(-3) is divided by 11?
10
Let i = 696 - 407. Calculate the remainder when 39848/i - 4/(-34) is divided by 28.
26
Let l(q) = -28*q + 909. Calculate the remainder when 550 is divided by l(30).
67
Let s(a) = 2*a**3 - 21*a**2 + 15*a - 4. What is the remainder when 217 is divided by s(10)?
33
Let z be 30/((-1)/2*1). Calculate the remainder when 78 is divided by (-4)/(-6) - 1340/z.
9
Let y = -77 + 872. Let l = -195 + y. Suppose -4*c - l = -z - 4*z, -z + 4*c + 104 = 0. Calculate the remainder when z is divided by 25.
24
Let d = -1 - -13. Let v(a) = a**2 - 6*a + 6. What is the remainder when (-2)/6 + 280/d is divided by v(7)?
10
Let b = -171 + 119. Let m = b + 63. Calculate the remainder when 41 is divided by m.
8
Suppose 0 = -5*i + 20, i = 34*z - 29*z - 201. Calculate the remainder when z is divided by 12.
5
Let p = -4472 - -4526. Calculate the remainder when 1/(-2) + 423/2 is divided by p.
49
Let j = -59 + 87. Let c = j + -23. Suppose 9*g - 136 = c*g. What is the remainder when g is divided by 12?
10
Let n be (1*16)/(((-18)/4)/9). Let i = -13 - n. What is the remainder when 94 is divided by i?
18
Let k be (-28)/154 + (-134)/(-11). Suppose -k*a + 8*a = -60. What is the remainder when a is divided by 4?
3
Let y = 6 + 7. What is the remainder when (-1 - 2/8) + (-21079)/(-428) is divided by y?
9
What is the remainder when 37 is divided by (2 + -11 + 46)/1?
0
Let b be (-1)/(2/10*-1). Suppose b*a = -4*u + 513, -5*u - 141 = -3*a + 152. Calculate the remainder when a is divided by (4 - -9)*2*1.
23
Calculate the remainder when (-4450)/(-18) + (160/45)/(-16) is divided by 92.
63
Let c(t) = t**2 - 2*t - 7. Suppose -j + 3*u - 1 = 0, -2*j + 4*j = u + 8. Calculate the remainder when 27 is divided by c(j).
3
Suppose -2*l - 14 = 70. Let s = 47 + l. Calculate the remainder when 43 is divided by s.
3
Let h be (-4)/(-6) + (-8)/(-6). Suppose -h*d = -3*w + 11, -d + 5*d = -2*w + 18. Suppose 3*r + d = 14. What is the remainder when r is divided by 2?
0
Let f = 85 + -83. Suppose -105 = -p + 2*m, 3*p - 106 = f*p + m. Let i = -24 - -51. What is the remainder when p is divided by i?
26
Let n(y) = 40*y**2 - 1. Suppose -5 = -5*b - 0*b. What is the remainder when 76 is divided by n(b)?
37
Let x(f) = 2*f**3 - f**3 - 6*f**2 + 0*f + 5*f**2 + 492 - f. Let d be x(0). Calculate the remainder when 30 is divided by (-6)/33 + d/44.
8
Suppose 2*s + 2 = 6, 2*y - 4*s = 44. Calculate the remainder when (-14399)/(-221) + (-4)/y is divided by 11.
10
Let o = -126 - -236. Suppose 4*d - o = 2*d. Calculate the remainder when d is divided by 29.
26
Suppose -3*v + 66 = -0*v. Suppose -2*n - 94 - 136 = 0. Let f = n + 179. Calculate the remainder when f is divided by v.
20
Let g(a) = 68*a - 33. What is the remainder when g(2) is divided by 52?
51
Let w be -2*(-3 - -1) + -32*2. What is the remainder when 93 is divided by (-990)/w - (-1)/(-2)?
13
Let j = 127 + -94. What is the remainder when j is divided by (-2 - -4)*10/4?
3
Suppose 0 = 9*p - 28 - 35. Let m(t) = t**3 - 7*t**2 - 9*t + 11. Let a be m(8). Calculate the remainder when p is divided by (a/2)/(2/4).
1
Suppose 105 = v + 4*v - 2*r, -4*v + 3*r + 91 = 0. Suppose 43*l - 31*l - 1332 = 0. Calculate the remainder when l is divided by v.
16
Suppose 3*j = -3*u + 6, -u + 8 = j - 3*u. Let x = j - -9. Calculate the remainder when 49 is divided by x.
10
Let u(r) = r**2 - 2*r - 23. Suppose 14*n + 6 = 15*n. Suppose -2*v = -4*v, 0 = -a + 3*v + 2. What is the remainder when a is divided by u(n)?
0
Let i(s) = -s**3 - 14*s**2 - 14*s. Calculate the remainder when 168 is divided by i(-13).
12
Let x = -64 - -103. Suppose 5*h - 66 - 109 = -5*w, 2*h - x = -w. Calculate the remainder when w is divided by 8.
7
Let u = 43 + -30. Let w(q) = 2*q - 6. Calculate the remainder when 95 is divided by w(u).
15
Let q(u) be the second derivative of u**5/10 + u**4/12 - u**3/6 - u**2 + 25*u. Calculate the remainder when 93 is divided by q(2).
13
Let g = -68 + 118. Suppose -3*d + 4*d - 24 = -h, -81 = -4*d - h. What is the remainder when g is divided by d?
12
Suppose -12*i = -2218 - 542. What is the remainder when i is divided by 78?
74
Let d(x) = x**2 + 9*x + 12. Let h be d(-9). Let r = h + -8. Suppose 0 = -r*b + b + 135. What is the remainder when b is divided by 16?
13
Suppose 2*g - 33 = 5*g. Let z = g - -18. Let u(j) = -j + 8. What is the remainder when 1 is divided by u(z)?
0
Let k(x) = x**3 + 16*x**2 + 11*x - 16. Calculate the remainder when k(-15) is divided by 29.
15
Suppose 126 = 2*r - 0*r. What is the remainder when r is divided by 8?
7
Suppose -3*f - 5 + 59 = 3*i, -5*i = 3*f - 56. Let l = -589 - -656. What is the remainder when l is divided by f?
16
Suppose 11*c - 516 = -32. What is the remainder when 167 is divided by c?
35
Suppose -6*p = -0*p - 18. Suppose 26 + 34 = p*c. Calculate the remainder when c is divided by 11.
9
Suppose 4*b = -2*b + 738. Calculate the remainder when b is divided by 43.
37
Suppose 0 = -4*m + 3*f + f + 320, 0 = -3*m - 4*f + 247. What is the remainder when m is divided by 28?
25
Suppose -3*l - 4*c = -10, -2*c - 4 = -5*l + 4. Suppose l*k - 110 = -3*k. Calculate the remainder when k is divided by (18/(-9))/2*-6.
4
Let c(s) = -13*s - 165. Calculate the remainder when 97 is divided by c(-14).
12
Let f(r) = 20*r**2 - r - 4. Let k be f(-2). Let y = k - 70. Calculate the remainder when 14 is divided by y.
6
Let n = 161 + -87. What is the remainder when n is divided by 13?
9
Suppose 8*i + 3*j = 3*i + 170, -4*j = 4*i - 128. Suppose u + 5*q = i, -q + 113 = 7*u - 2*u. Calculate the remainder when 64 is divided by u.
20
Suppose 0 + 8 = 4*z. Suppose -4*m + 91 = 5*y, -m = -z*m + y + 16. Suppose -7*a + 180 = -2*a - k, -4*k = 20. Calculate the remainder when a is divided by m.
16
Let l(t) = -t + 1. Let o be l(-4). Suppose o*z = 5 + 10. Suppose 10 - 2 = 4*y - 2*a, 3*y - 2*a - 4 = 0. Calculate the remainder when y is divided by z.
1
Suppose 5*f - i = 14, -6 = 5*f + 3*i + i. Suppose 2*c = 14 + f. What is the remainder when 23 is divided by c?
7
Suppose 0 = -v - 4*g + 3 - 4, -2*v - 3*g = -13. Let n(a) = -a**2 + 24*a - 84. Let m be n(20). Calculate the remainder when 67 is divided by -1 - m - v/(-1).
11
Calculate the remainder when 118 is divided by 15/6*(-528)/(-55).
22
Suppose 5*d + 303 = 2*g, 5*g + 3*d + 571 = 9*g. Calculate the remainder when g is divided by 49.
41
Suppose 0 = -9*w + 506 - 155. Calculate the remainder when w is divided by 21.
18
Suppose 3*z = -s + 3, 4*z + 20 = 4. Suppose -3*u + 33 + 96 = 0. Calculate the remainder when u is divided by s.
13
Let t(a) = 2*a**3 - 7*a**2 + 4*a. Let h be t(3). Let c = h - -26. What is the remainder when c is di